on divisor of t and z?
12
Let m be (-4 + 2)/(-6 - (-354)/60). Let d = -112 + 172. Calculate the highest common factor of d and m.
20
Let t be 1992/8*(-1)/(-3). What is the greatest common factor of 1411 and t?
83
Let q(g) = -4 - g + 5*g - 2 + 10*g. Let k be q(3). What is the greatest common divisor of k and 60?
12
Let h(t) = t**2 + 10*t - 8. Let x(a) = a + 2. Let d be x(-13). Let o be h(d). Suppose -6 = o*v - 30. Calculate the highest common factor of 4 and v.
4
Let u(g) = -g**3 - 4*g**2 - 7. Let m be u(-5). Let n = -11 + m. Suppose i + 69 = 5*p, 5*p + 25*i - 66 = 29*i. What is the greatest common divisor of n and p?
7
Let d(h) = 2*h**2 - h - 2. Let y be d(-2). Let u(f) = f**2 - 3*f - 5. Let j be u(-2). Let s = 21 - j. What is the greatest common divisor of s and y?
8
Let d be 42 + -4 - (1 - 3). Suppose -d = -3*p + 14. Calculate the greatest common factor of 63 and p.
9
Suppose -4*n = -58 + 14. What is the highest common divisor of n and 99?
11
Suppose 2*b - 6 = -2*p + 2, 18 = 5*p + 3*b. Let a be -3*((-44)/12 + p) - 0. What is the highest common factor of a and 4?
2
Suppose 31 = 2*i - 25. Suppose 3*n + n = 2*c - 40, 0 = c - 4*n - i. Calculate the greatest common divisor of 4 and c.
4
Suppose 3*y + t + 973 = 5*y, -t = -3*y + 1459. Calculate the highest common divisor of 36 and y.
18
Let r(s) = 23*s - 1 - 4 - 3. Let w be r(3). Suppose -4*i - w = -l - 4*l, 0 = 4*i - 4. Calculate the greatest common divisor of 65 and l.
13
Let z(p) = 2*p**2 - 11*p + 5. Let m be z(7). Suppose -30*j = -m*j - 220. Calculate the highest common factor of 22 and j.
11
Suppose 0*w = -o - 5*w + 2, 18 = 3*o + 3*w. Suppose 3*u - 16 = -o. Suppose -12 = u*p - 54. What is the greatest common factor of 2 and p?
2
Suppose 5*k - b = 2*k - 1, 0 = -3*k - 4*b + 19. Let v be (153/(-408))/((-1)/8). What is the greatest common divisor of v and k?
1
Let m(y) = y**3 - 19*y**2 + 9*y - 27. Let v be m(19). What is the highest common factor of v and 486?
18
Suppose 0 = 5*q + 5*n + 67 - 272, -3*n + 33 = q. What is the greatest common factor of q and 60?
15
Suppose -v - 3*s = -87, -2*v - s = -28 - 121. Suppose x = -x + 18. Calculate the highest common factor of x and v.
9
Let k = -139 + 143. Let n(w) = -w + 22. Let q be n(k). Calculate the highest common factor of q and 162.
18
Let f = -3 - -7. Suppose -12*j + 645 = 573. What is the highest common factor of f and j?
2
Let s(u) = 4*u**2 - 35*u + 216. Let b be s(10). Calculate the highest common factor of b and 70.
14
Let a be 29/58 - (-23)/2*1. Let s be 74/10 - 33/(-55). Suppose -n - w = -33, s*n - 3*n - 177 = -w. Calculate the greatest common factor of a and n.
12
Let u = -141 - -201. Calculate the greatest common divisor of u and 84.
12
Let y = -134 - -115. Let j = y - -32. Calculate the highest common factor of 247 and j.
13
Let q be -11 - (-10 - (-2 + 17)). Let u(d) = 7*d. Let c be u(1). What is the greatest common divisor of c and q?
7
Let w(y) = 22*y + 5. Let i(f) = -45*f - 11. Let b(a) = 4*i(a) + 9*w(a). Let z be b(3). Calculate the greatest common factor of z and 11.
11
Let x = -8 + 19. Let t be (9/6)/((-4)/(-8)). Suppose -t = 3*o - 36. Calculate the highest common divisor of o and x.
11
Suppose -2*n = -8, 0*k - 5*n = 4*k + 52. Let v = 50 + k. What is the highest common factor of 16 and v?
16
Let u(o) = -2*o**3 - 5*o**2 + 4*o + 14. Let l be u(-4). Let d = 70 - l. What is the highest common factor of d and 32?
8
Suppose 775 = 6*j - 395. Let y = -33 - 90. Let r = y + j. What is the highest common divisor of 8 and r?
8
Suppose 9*m + 7 - 187 = 0. What is the highest common divisor of 44 and m?
4
Let p be 2 + 114/4*2. Suppose 0 = -i + 3*m + 120, 2*i - p = 3*m + 166. What is the greatest common factor of i and 15?
15
Let b be ((-2 - -2)/2)/2. Suppose i + i - 270 = b. Suppose -k + i = 2*k. What is the greatest common divisor of 30 and k?
15
Suppose -10*d + 563 = 143. Suppose 30 = 9*v - 4*v. Calculate the greatest common divisor of v and d.
6
Suppose n - 5*n + 4 = 0, 123 = j - 3*n. Calculate the highest common factor of j and 7.
7
Let i be ((-32)/(-12))/(7/21). Calculate the greatest common divisor of 5 and i.
1
Let w be 8 - -12 - (-1 - -1). Let j(b) = -b**3 - 9*b**2 + 12*b - 7. Let i be j(-10). Let o = -23 - i. What is the highest common factor of w and o?
4
Suppose 31 = 3*g - 2*z - 3, -3*z + 68 = 4*g. What is the greatest common factor of 28 and g?
14
Suppose -12*x = 7 - 31. Suppose 0*b = -x*b + 120. What is the highest common factor of b and 12?
12
Let s be ((-2)/(-3))/((-48)/(-2016)). Calculate the highest common divisor of 140 and s.
28
Suppose 20*s - 19*s + 2 = 0, 454 = q + 5*s. Calculate the greatest common divisor of 29 and q.
29
Let m(o) = o**2 - 8*o - 11. Let f be m(13). Suppose 4*b - 5*b = -2. Suppose b*d + d = 108. What is the highest common factor of d and f?
18
Let g = 384 + -368. Calculate the greatest common divisor of 4 and g.
4
Let z be (105 - -2) + -8 - (-8)/(-2). Calculate the highest common factor of z and 19.
19
Let a be 1*(0 - -5)/1. Suppose 86 = a*p + 5*m + 16, 51 = 4*p - m. Let l be 3*(-39)/12*-4 + 0. Calculate the greatest common factor of l and p.
13
Suppose -22 = u - 106. Calculate the highest common divisor of u and 14.
14
Suppose 3*c - 5*a - 28 = -4*a, 5*a = 3*c - 32. What is the greatest common divisor of 225 and c?
9
Let d = 62 - 2. Suppose 5*x + x - d = 0. Calculate the greatest common divisor of 4 and x.
2
Suppose 7*g - 1802 = 1663. Suppose 5*t - 192 = 33. What is the highest common divisor of t and g?
45
Suppose 0 = -0*a - 4*a + 2*i + 88, 110 = 5*a + 4*i. What is the highest common factor of 33 and a?
11
Let w(g) = g + 82. Let p be w(-26). Calculate the greatest common divisor of p and 64.
8
Suppose 4*i + 1081 = 3*c + 2*i, -1101 = -3*c - 3*i. Let z = -2741 + 2774. Calculate the greatest common factor of z and c.
33
Let w(f) = f**3 - 1 + 6 + 8*f - 30*f + 3 + 9*f**2. Let v be w(-11). Calculate the greatest common factor of 88 and v.
8
Let h = 1122 + -1109. Calculate the greatest common divisor of 585 and h.
13
Let c be (-4)/5*25/1. Let r be -4*3/(-6) - c. Let o be (8/(-4))/((-2)/r). What is the highest common factor of 33 and o?
11
Let g be (-155)/(-25) + -1*2/10. Calculate the greatest common divisor of 1482 and g.
6
Let x = -121 + 331. Let j = 380 - x. Calculate the highest common factor of 10 and j.
10
Let p(z) = z**2 - 2*z + 32. Suppose -14*x + 6*x = 0. Let j be p(x). What is the highest common factor of j and 32?
32
Let i(p) be the first derivative of p**4/4 + p**3/3 - 4*p**2 + p - 2. Let q be i(-6). Let o = q - -191. What is the greatest common divisor of o and 40?
20
Suppose 5*j - 662 = -5*r + 698, 2*j - 537 = 5*r. Suppose 0 = -5*n - 51 + j. Let p be (-60)/(-7) + n/(-77). Calculate the greatest common divisor of p and 72.
8
Let n(b) = 171*b + 7. Let c be n(-2). Let y = -137 - c. Calculate the greatest common factor of 18 and y.
18
Suppose -6*q + 3*l = -2*q - 933, 4*q + 2*l - 918 = 0. Suppose -2*p = -5*p + q. Let d = 17 - 6. Calculate the highest common divisor of p and d.
11
Suppose -5*o + 195 = -2*o. Let j be 6/9 - 76/(-3). What is the greatest common divisor of o and j?
13
Suppose 4*y - 5*k - 40 = 0, y + 1 = -2*k + 11. Suppose v + y = -4*h + 56, -3*v + 6 = 0. Calculate the greatest common divisor of 88 and h.
11
Let k(r) = 19*r**2 + 7*r + 15. Let j be k(-2). Suppose -4 - 3 = -f. What is the highest common divisor of j and f?
7
Let t = -73 + 133. What is the highest common factor of t and 12?
12
Suppose 0 = 5*m + 2*p - 7, 4*m - 3*p + 4*p = 5. Let o be m/5 - 148/(-10). Let y be ((-1 - -2) + -2)*-5. Calculate the greatest common factor of o and y.
5
Suppose -1761 = 16*t - 4625. Calculate the highest common divisor of 1 and t.
1
Suppose -d - 1204 = -1459. What is the greatest common divisor of d and 15?
15
Let k = 2172 - 2142. What is the greatest common divisor of 990 and k?
30
Let y = 274 + -266. What is the highest common divisor of y and 232?
8
Suppose -3*m = -0 + 6. Let g be ((-3)/12*2)/(m/24). What is the greatest common factor of 6 and g?
6
Let l = 591 + 150. Calculate the greatest common divisor of l and 26.
13
Let q(u) be the second derivative of u**4/12 + 5*u**3/6 + 17*u**2/2 - 12*u. Let x be q(-13). Calculate the greatest common divisor of 11 and x.
11
Let g(m) = m**2 - 3*m + 4. Let k = -28 